7 + -621. What is the tens digit of s?
4
Suppose 3*l - 210 = 330. Suppose 7*o = 4*o + l. What is the units digit of o?
0
Suppose 2*n = -2, 4*q - 27*n = -26*n + 5989. What is the hundreds digit of q?
4
Let p = 6 - 0. Suppose g - 2 = p. Suppose -5*w = -g*w + 48. What is the units digit of w?
6
Suppose 0 = -3*v - 8 + 17, 0 = -4*l + v + 13005. What is the units digit of l?
2
Let b be 8*2*1/4. Let f be ((-20)/(-6))/(-1 - (-28)/21). Let v = f - b. What is the units digit of v?
6
Let i(y) = 20*y + 6. Let a(g) = 19*g + 6. Let k(j) = -7*a(j) + 6*i(j). Let r be k(-3). Suppose 2*s = -l + r + 1, 0 = 5*l + s - 125. What is the tens digit of l?
2
What is the units digit of (-7)/((-49)/(-14)) + 760 + 1?
9
Let t be ((-4)/(-6))/(14/(-231)). Let k(b) = 3*b**2 - 10*b - 4. Let n(o) = 16*o**2 - 49*o - 20. Let f(m) = t*k(m) + 2*n(m). What is the units digit of f(12)?
4
Let i(n) be the third derivative of -11*n**4/6 - n**3/6 + 2*n**2. Let x be i(1). What is the units digit of ((-4)/2)/(6/x)?
5
Let u = 121 + -120. What is the units digit of (5 + (-3)/u)*4?
8
What is the hundreds digit of -6 + -4 + (1091 + -7)*1?
0
Suppose 5*r = -q + 29, -4*q + 3*r + 105 = -q. Suppose 0 = -f + 2*b - 0*b + q, 0 = 5*f + 2*b - 110. What is the tens digit of (-3)/4 + 1002/f?
4
Let v(s) be the third derivative of -s**4/12 + 2*s**3/3 + 9*s**2. What is the units digit of v(-12)?
8
Let z be (16/(-10))/(8/(-40)). Suppose 3*k = z*k - 285. What is the tens digit of k?
5
Let c(a) = -a**3 + 3*a**2 + 6*a - 6. Let d be c(4). Let g = 76 - d. What is the tens digit of g?
7
Let r = -40 - -28. Let k = -13 - r. Let p = k - -16. What is the tens digit of p?
1
Let t(y) = -11*y - 10*y + 19*y + 9 - 8*y. What is the units digit of t(-4)?
9
Suppose 5*q = -3*g - 18, 2*g - 7 = 2*q + q. Let r be 3/(-9)*6/g. Suppose 0 = -3*a - r*a + 45. What is the units digit of a?
9
Suppose 0 = -2*y + y - 22. Let r be y*6/(-4)*6. Suppose 5*m - r = -58. What is the tens digit of m?
2
Let u(v) = -v + 1. Let k be u(4). Let d be ((-2)/2)/(-1) + 7. Let a = k + d. What is the units digit of a?
5
Let q(v) = v**3 + 5*v**2 + v - 5. Let t be q(-6). Let o = 105 + t. What is the units digit of o?
8
Let b = 339 + -194. Suppose 0 = -9*z + b + 89. What is the tens digit of z?
2
Let m(q) = 8*q**2 - 7*q - 48. What is the tens digit of m(-11)?
9
What is the units digit of -4915*6/(-15)*(-11)/(-22)?
3
Suppose 4*c = -2*f + 2629 - 151, 4*f - 4*c - 4992 = 0. What is the tens digit of f?
4
Suppose 2*g + 6 - 4 = 0, -3*o = -4*g - 190. Let s be ((-45)/(-12) + -3)*-4. Let r = s + o. What is the units digit of r?
9
Let m be ((-2)/1)/(8/(-12)). Suppose -5*f = -f + m*s - 339, 0 = 2*f - s - 157. What is the units digit of f?
1
Suppose -3*p - 2*k + 13 = -0*p, -8 = -4*k. Suppose -2*j - 2*j + 286 = -3*i, p*j + i = 208. What is the tens digit of j?
7
Suppose -5*r = -5*j - 15, 5*r - 9 = -4*j - 3. Suppose 29 = -r*h + 247. What is the hundreds digit of h?
1
Suppose a + 276 = 5*a. Suppose 0 = 2*p + p - a. Suppose p = 3*z - 58. What is the tens digit of z?
2
Suppose 258 = 2*h - 290. What is the tens digit of (-6)/(-30) - h/(-5)?
5
Suppose -4*g + 2*g = -d - 62, 156 = 5*g - 2*d. Suppose -5*p + 12 = -3*u, 2*u = -p - 3*u + 8. Suppose -g = -p*b + 85. What is the tens digit of b?
3
Let i be (-2)/(-5) + 104/40. Suppose r = 4*p - i, 0*r = 3*p + r - 4. What is the units digit of p?
1
Suppose 5*g + 697 = l, -14*l + 10*l + 4*g + 2788 = 0. What is the tens digit of l?
9
Suppose -6*r - 36654 = -47*r. What is the tens digit of r?
9
Let o = -32 + 2. Let u be (24/o)/(2/(-155)). Suppose -9*i + 10*i - u = 0. What is the tens digit of i?
6
Suppose 0 = -2*q - 2*x + 930, -4*q + x + 1617 = -238. What is the tens digit of q?
6
Let m(v) = -12*v - 2. Let x be 10/(1*(3 + -5)). Let d be m(x). Let l = d - 37. What is the tens digit of l?
2
Let f(t) = 2*t**3 - 10*t**2 + 5. Let p be f(5). Suppose -4*w + 52 = 5*g - 294, 3*w = p*g - 318. What is the units digit of g?
6
Let s(x) = 47*x**2 + 17*x + 26. What is the tens digit of s(-2)?
8
Suppose 10*a = 8921 + 4729. What is the thousands digit of a?
1
Let m = -27 + 21. Let x be (0/2)/(m/6). Suppose -3*c = -x*c - 90. What is the units digit of c?
0
Suppose -16*p = -11*p - 80. What is the hundreds digit of (p/(-6))/(484/(-240) + 2)?
1
Suppose -k + 95 = -2*b - 123, 2*b = -4. What is the units digit of k?
4
Suppose 5 = 5*h, 0 = -5*l - 5*h + h + 19. Suppose -448 = -4*t - 2*f - 78, 4*f - 290 = -l*t. What is the units digit of t?
0
Let i = -32 - -34. Suppose -106 = -p + i. What is the units digit of p?
8
Let o(j) = 2*j**3 - 3*j**2 + 3*j - 3. Let u(k) = -k**3 - 1. Let x be u(-1). Suppose -m - 10 + 12 = x. What is the units digit of o(m)?
7
Suppose -2*k + 2 = 4. What is the tens digit of 1*(172/10)/(k/(-5))?
8
Suppose -4*n + 2*z + 14 = 4*z, 0 = -3*n + 4*z + 27. Suppose 0 = n*j - 10*j. Suppose j = 3*a - 5 - 1. What is the units digit of a?
2
Let s(w) = 3*w - 3. Let g be s(7). Let j = 27 - g. Suppose 50 = r - 3*u + j, -5*r + 3*u + 169 = 0. What is the units digit of r?
2
Suppose 0 = -9*w + w + 2544. What is the tens digit of w?
1
Let p(b) = -7*b**3 - 8*b**2 + 19*b + 5. Let s(i) = -i**3 + i**2 - 1. Let h(d) = -p(d) + 6*s(d). What is the units digit of h(-15)?
9
What is the hundreds digit of 99/44 - 4245/(-12)?
3
Suppose -2*h + 58 = -444. What is the units digit of h?
1
Let p(y) = y**3 - 8*y**2 + 5 - 281*y + 290*y + 0*y**3 + 5. Suppose g + 5*t - 12 = 0, 0 = g - 3*t - 4. What is the units digit of p(g)?
4
Let b(w) = 9*w**3 + 9*w**2 - w - 16. What is the units digit of b(4)?
0
Suppose 0 = -6*l + 3*l + 18. Let t be l/6 + -2 + -3. Let m = t - -9. What is the units digit of m?
5
Suppose 4*u = 5*m - 11393, -8*u - 2269 = -m - 12*u. What is the tens digit of m?
7
What is the hundreds digit of 14085/20 - 8/32?
7
Suppose 3*k = -3*p + 906, -k - 1 = -4. Suppose 4*s - 9 = p. What is the units digit of s?
7
Suppose -r + 3*b = -13 - 8, -3*r = b - 13. Let c be ((-42)/5)/(r/20). Let i = -12 - c. What is the tens digit of i?
1
Suppose -3*w + 9 = -3*p, -21 = -2*w - 5*p + 20. Suppose 10 = w*b - 6*b. What is the units digit of b?
5
Suppose -1 = w + 2. Let x be (3/(-3))/(w/12). Suppose -9 = -x*l + 27. What is the units digit of l?
9
Suppose -2*f = -5*f - 5*k - 21, 0 = -2*f + 2*k - 14. Let s be 5/f - 12/42. Let b(n) = -40*n - 2. What is the tens digit of b(s)?
3
Let x(b) = 2*b**3 + b**2 + 9*b + 18. What is the hundreds digit of x(8)?
1
Suppose 4*m = -1 - 3. Let n(c) = -2*c**2 - 1. Let o be n(m). Let f(j) = 3*j**2 - 2*j - 4. What is the tens digit of f(o)?
2
Let c = 166 - -88. What is the hundreds digit of c?
2
Suppose 2*p = -4*v - 0*p - 120, -4*v + 5*p = 120. Let t = -7 - v. What is the units digit of t?
3
Suppose -14772 - 26388 = -30*z. What is the tens digit of z?
7
Suppose 2*u = 8*u - 12. Suppose -u*i = -14 - 40. What is the units digit of i?
7
Let a(z) = 11*z**2 - 2*z + 3. Suppose 5*q - 5*d + 3*d + 25 = 0, -2*q - d - 1 = 0. What is the tens digit of a(q)?
0
Let z = 1536 - 1082. What is the tens digit of z?
5
Let u = 11 - 23. Let z be 6*(0 + (-8)/u). Suppose -z*j + 10 = -102. What is the tens digit of j?
2
Suppose 77303 + 24045 = 26*b. What is the hundreds digit of b?
8
Let j = -12 - -292. What is the units digit of j?
0
Let v(q) = 3*q**2 - 4*q + 3. Suppose 1 + 3 = 2*o. Let y be v(o). Let r(p) = 3*p - 4. What is the units digit of r(y)?
7
Suppose 40826 = -44*o + 122622. What is the units digit of o?
9
Suppose 3*t = 3*m + 158 - 20, -2*m - 2*t = 88. Let j(g) = -2*g**3 + 2*g**2 - g. Let a be j(-3). Let o = m + a. What is the tens digit of o?
3
Let t be (1 - 3)/(5/180). Let n = 5 - t. What is the units digit of n?
7
Suppose 4*d = 852 + 1032. What is the tens digit of d?
7
Suppose -f - 2*f = -2*m - 31, -11 = 2*m + f. Let p(z) = -32*z + 10. What is the hundreds digit of p(m)?
2
Let a = 78 - 118. Let j = a - -119. What is the units digit of j?
9
Suppose 4*q + 2*y - 4*y + 30 = 0, 4*q + y + 21 = 0. Let t(b) = -b**3 - 5*b**2 - 8*b + 4. What is the units digit of t(q)?
8
Suppose -2*l - 5 + 13 = 0. Suppose 5*i - 158 - 157 = 0. Suppose h + i = l*h. What is the units digit of h?
1
Suppose 18619 = 14*u - 1387. What is the tens digit of u?
2
Suppose 0 = 3*d + 23*d - 133692. What is the units digit of d?
2
Suppose -14744 = -328*u + 320*u. What is the hundreds digit of u?
8
Suppose -13*a = -4680 - 